{"id":24144,"date":"2026-03-26T11:20:32","date_gmt":"2026-03-26T11:20:32","guid":{"rendered":"https:\/\/livedemo.top\/drones\/product\/iflight-nazgul5-evoque-f5-f5d-v2-deadcat-gps-version-hd-analog-4s-6s-5-inch-fpv-racing-drone\/"},"modified":"2026-03-26T11:20:38","modified_gmt":"2026-03-26T11:20:38","slug":"iflight-nazgul5-evoque-f5-f5d-v2-deadcat-gps-version-hd-analog-4s-6s-5-inch-fpv-racing-drone","status":"publish","type":"product","link":"https:\/\/livedemo.top\/drones\/product\/iflight-nazgul5-evoque-f5-f5d-v2-deadcat-gps-version-hd-analog-4s-6s-5-inch-fpv-racing-drone\/","title":{"rendered":"iFlight Nazgul5 Evoque F5 F5D V2 DeadCat GPS Version HD \/ Analog 4S \/ 6S 5 Inch FPV Racing Drone"},"content":{"rendered":"<div id='specification'><\/div>\n<div id='specification_end'><\/div>\n<div style='font-size: 14px; font-family: OpenSans, Arial;'><font color='#ff0000'><b>Notice:&nbsp;<\/b><\/font><b style='font-size: 12px; color: rgb(102, 102, 102); background-color: rgb(255, 255, 0);'><font color='#ff0000'>It is upgrade into new V2 Version.&nbsp;<\/font><\/b><b style='font-size: 12px; color: rgb(102, 102, 102); background-color: rgb(255, 255, 0);'><font color='#ff0000'>( May 12th, 2023. Beijing Time)<\/font><\/b><\/div>\n<div style='font-size: 14px; font-family: OpenSans, Arial;'><b style='font-size: 12px; color: rgb(102, 102, 102); background-color: rgb(255, 255, 0);'><font color='#ff0000'>USA Warehouse: Still Old V1 Version<\/font><\/b><\/div>\n<div style='font-size: 14px; font-family: OpenSans, Arial;'><b style='font-size: 12px; color: rgb(102, 102, 102); background-color: rgb(255, 255, 0);'><font color='#ff0000'>CN Warehouse: V1 \/ V2 stock mix. Will send Randomly.&nbsp;<\/font><\/b><\/div>\n<div style=''><b>Diffirence:&nbsp;<\/b><\/div>\n<div style=''><b>&#8211; V2 Comes with New F5X V2 frame ( Like pohotos showed)<\/b><\/div>\n<div style=''><b>&#8211;&nbsp;<\/b><span style='font-weight: bolder;'>V2 Comes with&nbsp;<\/span><b>BLITZ&nbsp;Whoop&nbsp;1.6W&nbsp;VTX ( Analog Version) ; V2 Comes with Runcam Link WASP ( HD Version)<\/b><\/div>\n<div style=''><b>&nbsp; &nbsp;V1 is&nbsp;5.8GHz SucceX Mini Micro 600mW VTX&nbsp;<\/b><span style='font-weight: bolder;'>( Analog Version)&nbsp;<\/span><\/div>\n<div style=''><\/div>\n<div>\n<div><\/div>\n<div>\n<div><span style='font-weight: bolder;'>Specifications:<\/span><\/div>\n<div>Brand: iFlight<\/div>\n<div>Model: Evoque F5 V2( F5D, DeadCat Type)<\/div>\n<div>Version: Analog \/ HD&nbsp; ( Optional)<\/div>\n<div>Voltage: 4S \/ 6S ( Optional)<\/div>\n<\/div>\n<\/div>\n<table class='table table-bordered'>\n<tbody>\n<tr>\n<td><b>Evoque F5 F5D V2 Analog<\/b><\/td>\n<td>Weight:&nbsp;445grams<br \/>Takeoff&nbsp;Weight:&nbsp;Approx.&nbsp;610&nbsp;g<br \/>Dimensions&nbsp;(L\u00d7W\u00d7H):&nbsp;190\u00d7136\u00d736&nbsp;mm<br \/>Diagonal&nbsp;Distance:&nbsp;225&nbsp;mm<br \/>Max&nbsp;Speed:&nbsp;130&nbsp;Km\/h&nbsp;(Manual&nbsp;Mode)<br \/>Maximum&nbsp;Takeoff&nbsp;Altitude:&nbsp;5000&nbsp;m<br \/>Max&nbsp;Hover&nbsp;Time:&nbsp;Approx.&nbsp;8&nbsp;mins<br \/>Maximum&nbsp;Flight&nbsp;Distance:&nbsp;5&nbsp;km<br \/>Max&nbsp;Wind&nbsp;Speed&nbsp;Resistance:&nbsp;100&nbsp;Km\/H&nbsp;(Level&nbsp;5)<br \/>Operating&nbsp;Temperature&nbsp;Range:&nbsp;-10\u00b0&nbsp;to&nbsp;40\u00b0&nbsp;C&nbsp;(14\u00b0&nbsp;to&nbsp;104\u00b0&nbsp;F)<br \/>Antennas:&nbsp;Single&nbsp;Antennas<\/td>\n<\/tr>\n<tr>\n<td>\n<p><span style='font-weight: bolder;'>FC \/\/&nbsp;<\/span><span style='font-weight: bolder;'>BLITZ&nbsp;Mini&nbsp;F7&nbsp;Flight&nbsp;Controller<\/span>&nbsp;<span style='font-weight: bolder;'>\uff08HD &amp; Analog\uff09<\/span><\/p>\n<p><span style='font-weight: 700;'>(&nbsp;<\/span><a href='https:\/\/www.banggood.com\/20x20mm-iFlight-BLITZ-Mini-F7-Flight-Controller-or-BLITZ-Mini-E55-4in1-ESC-BL_32-for-Nazgul5-Evoque-F5D-or-F5X-RC-Drone-FPV-Racing-p-1916516.html' target='_blank' style='background-color: rgb(255, 255, 255); font-family: sans-serif; font-weight: 700;'><font color='#ff0000'><u>Link<\/u><\/font><\/a><span style='font-weight: 700;'>)<\/span><span style='font-weight: bolder;'><br \/><\/span><\/p>\n<\/td>\n<td>\n<p>MCU: STM32&nbsp;F722<br \/><font color='#ff0000'><span style='font-weight: bolder;'>Gyro: BMI270<\/span><\/font><br \/>Barometer: DPS310<br \/>OSD&nbsp;Chip:&nbsp; AT7456<br \/>Flash: 16MB&nbsp;(Blackbox&nbsp;flash)<br \/>UARTS: 6<br \/>Motor&nbsp;outputs:&nbsp;&nbsp;&nbsp;4x&nbsp;(SH1.0&nbsp;connector)<br \/>I2C&nbsp;serial:&nbsp;&nbsp;&nbsp;SDA&nbsp;\/&nbsp;SLA&nbsp;pads<br \/>Smartaudio&nbsp;\/&nbsp;IRC&nbsp;Tramp&nbsp;VTX&nbsp;protocol&nbsp;supported<br \/>LED&nbsp;controller:&nbsp;&nbsp;&nbsp;Yes<br \/>Beeper&nbsp;pad:&nbsp;&nbsp;&nbsp;Yes<br \/>Firmware&nbsp;target:&nbsp;&nbsp;&nbsp;IFRC-IFLIGHT_BLITZ_F722<br \/>Mount&nbsp;pattern: 20&#215;20&nbsp;mm&nbsp;\/&nbsp;4mm&nbsp;PCB&nbsp;hole&nbsp;diameter,&nbsp;silicon&nbsp;grommets&nbsp;for&nbsp;M3&nbsp;screws<br \/>Dimensions: 30.5&#215;27&nbsp;mm<br \/>Weight: 5g<\/p>\n<\/td>\n<\/tr>\n<tr>\n<td>\n<p><span style='font-weight: bolder;'>ESC \/\/ BLITZ Mini E55 4IN1 ESC (HD &amp; Analog)<\/span><\/p>\n<p><span style='font-weight: bolder;'>(&nbsp;<a href='https:\/\/www.banggood.com\/20x20mm-iFlight-BLITZ-Mini-F7-Flight-Controller-or-BLITZ-Mini-E55-4in1-ESC-BL_32-for-Nazgul5-Evoque-F5D-or-F5X-RC-Drone-FPV-Racing-p-1916516.html' target='_blank'><font color='#ff0000'><u>Link<\/u><\/font><\/a>)<\/span><\/p>\n<\/td>\n<td>&#8211;&nbsp;DIMENSION:&nbsp;35*42MM<br \/>&#8211;&nbsp;MOUNTING&nbsp;HOLES:&nbsp;20*20MM\/\u03a64MM<br \/>&#8211;&nbsp;WEIGHT:&nbsp;11.3G<br \/>&#8211;&nbsp;SUPPORTS&nbsp;2-6S&nbsp;LIPO&nbsp;INPUT<br \/>&#8211;&nbsp;MCU\uff1a&nbsp;G071<br \/>&#8211;&nbsp;CONSTANT:&nbsp;55&nbsp;AMPS&nbsp;<br \/>&#8211;&nbsp;BURST:&nbsp;60&nbsp;AMPS<br \/>&#8211;&nbsp;CURRENT&nbsp;SENSOR:&nbsp;YES<br \/>&#8211;&nbsp;BEC:&nbsp;NO<br \/>&#8211;&nbsp;CURRENT&nbsp;RATE:&nbsp;100<br \/>&#8211;&nbsp;SUPPORTS:&nbsp;DSHOT&nbsp;DSHOT150\/300\/600\/MULTISHOT\/&nbsp;ONESHOT&nbsp;ETC.<br \/>&#8211;&nbsp;FIRMWARE:&nbsp;BLHELI&nbsp;32<\/p>\n<p>&#8211;&nbsp;TARGET:&nbsp;&nbsp;&nbsp;IFLIGHT_BLITZ_G1&nbsp;<\/p>\n<\/td>\n<\/tr>\n<tr>\n<td>\n<p><b>XING-E Pro 2207 Motor<\/b><\/p>\n<p><b>( <a href='https:\/\/www.banggood.com\/IFlight-XING-E-Pro-2207-1800KV-3-6S-or-2450KV-2750KV-2-4S-Brushless-Motor-for-RC-Drone-FPV-Racing-p-1518196.html' target='_blank'><font color='#ff0000'><u>Link<\/u><\/font><\/a>)<br \/><\/b><\/p>\n<\/td>\n<td>\n<p>4S Version: 2207 2750KV<\/p>\n<p>6S Version: 2207 1800KV<\/p>\n<\/td>\n<\/tr>\n<tr>\n<td><b>VTX &amp; Camera (HD)<\/b><\/td>\n<td>CADDX Nebula Pro&nbsp;Vista&nbsp;HD&nbsp;Digital&nbsp;System<\/td>\n<\/tr>\n<tr>\n<td><b>VTX &amp; Camera ( Analog)<\/b><\/td>\n<td>\n<p>VTX:&nbsp;<\/p>\n<p>Product&nbsp;Name:&nbsp;BLITZ&nbsp;Whoop&nbsp;1.6W&nbsp;VTX<br \/>Input&nbsp;voltage:&nbsp;7V\uff5e34V&nbsp;<br \/>Interface:&nbsp;MMCX<br \/>Power&nbsp;levels:&nbsp;PIT\/25mW\/400mW\/800mW\/1600mW<br \/>Channels:&nbsp;40&nbsp;(including&nbsp;Raceband)<br \/>Mounting&nbsp;pattern:&nbsp;30.5&#215;30.5mm\/\u03a63&nbsp;<br \/>Lightweight:&nbsp;18.9g&nbsp;(excluding&nbsp;antenna)<br \/>VTX&nbsp;telemetry:&nbsp;IRC&nbsp;Tramp<br \/>Betaflight&nbsp;IRC&nbsp;Tramp&nbsp;Configuration:&nbsp;Please&nbsp;download&nbsp;the&nbsp;attached&nbsp;VTX&nbsp;table&nbsp;for&nbsp;Betaflight!<br \/>RC&nbsp;Tramp&nbsp;VTX&nbsp;table&nbsp;values:&nbsp;25mW\/400mW\/800mW\/1600mW<\/p>\n<p><\/p>\n<p>Camera:<\/p>\n<p>RaceCam&nbsp;R1&nbsp;Mini 1200TVL 2.1mm lens 19*19 FPV Camera<\/p>\n<\/td>\n<\/tr>\n<\/tbody>\n<\/table>\n<div>\n<div><\/div>\n<div>\n<div><\/div>\n<div>\n<p><b>M8Q-5883 GPS<\/b><\/p>\n<p>GPS module: GPSSAM-M8Q<\/p>\n<p>Frequencies: 72 channel<\/p>\n<p>Compass module: QMC5883L<\/p>\n<p>Baud Rate: 4800bps-115200bps (Default &#8211; 9600bps)<\/p>\n<p>Sensitivity: Tracking: -162dBm\uff0c Capture: -160dBm\uff0cCold Start\uff1a-148dBm<\/p>\n<p>Cold start: &lt;29s<\/p>\n<p>Hot start:&nbsp; &lt;2s<\/p>\n<p>Accuracy:&nbsp; Horizontal &lt;2.5m average), SBAS &lt; 2.0m average, Timepulse: RMS 30 ns<\/p>\n<p>Maximum height: 50.000m<\/p>\n<p>Maximum speed: 500 m\/s<\/p>\n<p>Speed accuracy: 0.05 m\/s<\/p>\n<p>Maximum acceleration: \u2266 4G<\/p>\n<p>Refresh Rate: 10 Hz<\/p>\n<p>GPS patch antenna size: 15 x 15 mm<\/p>\n<p>Total dimensions: 20 x 20 x 10.5 mm<\/p>\n<p>Weight: 8g<\/p>\n<p>Input Voltage:&nbsp; 3.3V-5V\uff0ccurrent 25mA<\/p>\n<p>GPS pin definition: RX\/TX UART<\/p>\n<p>Compass pin definition: SDA\/SLA<\/p>\n<p><\/p>\n<p><span style='font-weight: bolder;'>Package included\uff1a<\/span><\/p>\n<p>1 x Nazgul5 Evoque F5 V2 F5D HD\/Analog FPV Drone (Deadcat)<\/p>\n<p>1x GPS&nbsp;<\/p>\n<p>4 x Nazgul F5 Prop<\/p>\n<p>2 sets of Battery Pads<\/p>\n<p>4 x Battery straps<\/p>\n<p>1 x Screws bag<\/p>\n<p><\/p>\n<\/div>\n<\/div>\n<\/div>\n<p><img src='http:\/\/imgmgr.banggood.com\/images\/oaupload\/banggood\/images\/90\/1E\/88d611e9-9642-43d7-9e18-d3b96c09cae3.png' style='width:1000px'><\/p>\n<p><img src='http:\/\/imgmgr.banggood.com\/images\/oaupload\/banggood\/images\/09\/BA\/0edcd0e0-e80f-4b6e-b57b-d0135dede32e.png' style='width:1000px'><\/p>\n<p><img src='http:\/\/imgmgr.banggood.com\/images\/oaupload\/banggood\/images\/34\/99\/c72a7c78-6e40-46d4-a705-bf998de5d183.png' style='width:1000px'><\/p>\n<p><img src='http:\/\/imgmgr.banggood.com\/images\/oaupload\/banggood\/images\/18\/ED\/42256f01-bc9d-40c0-b8eb-702607b8f8a6.png' style='width:1000px'><\/p>\n<p><img src='http:\/\/imgmgr.banggood.com\/images\/oaupload\/banggood\/images\/54\/7D\/4b8a717f-2813-461b-be63-2bb58a569133.png' style='width:1000px'><\/p>\n<p><img src='http:\/\/imgmgr.banggood.com\/images\/oaupload\/banggood\/images\/ED\/5F\/c57cccab-c406-4dad-b8b8-2ddc5dcd0c68.png' style='width:1000px'><\/p>\n<p><img src='http:\/\/imgmgr.banggood.com\/images\/oaupload\/banggood\/images\/4F\/73\/e4f7149f-5d23-4d3c-a492-949e1dfce3ac.png' style='width:1000px'><\/p>\n<p><img src='http:\/\/imgmgr.banggood.com\/images\/oaupload\/banggood\/images\/66\/76\/dfd1ae1f-d48f-44da-ad29-e2f55cf8d3e4.png' style='width:1000px'><\/p>\n","protected":false},"excerpt":{"rendered":"<p>Notice:&nbsp;It is upgrade into new V2 Version.&nbsp;( May 12th, 2023. Beijing Time) USA Warehouse: Still Old V1 Version CN Warehouse: V1 \/ V2 stock mix. Will send Randomly.&nbsp; Diffirence:&nbsp; &#8211; V2 Comes with New F5X V2 frame ( Like pohotos showed) &#8211;&nbsp;V2 Comes with&nbsp;BLITZ&nbsp;Whoop&nbsp;1.6W&nbsp;VTX ( Analog Version) ; V2 Comes with Runcam Link WASP ( [&hellip;]<\/p>\n","protected":false},"featured_media":38617,"comment_status":"closed","ping_status":"open","template":"","meta":{"ocean_post_layout":"","ocean_both_sidebars_style":"","ocean_both_sidebars_content_width":0,"ocean_both_sidebars_sidebars_width":0,"ocean_sidebar":"","ocean_second_sidebar":"","ocean_disable_margins":"enable","ocean_add_body_class":"","ocean_shortcode_before_top_bar":"","ocean_shortcode_after_top_bar":"","ocean_shortcode_before_header":"","ocean_shortcode_after_header":"","ocean_has_shortcode":"","ocean_shortcode_after_title":"","ocean_shortcode_before_footer_widgets":"","ocean_shortcode_after_footer_widgets":"","ocean_shortcode_before_footer_bottom":"","ocean_shortcode_after_footer_bottom":"","ocean_display_top_bar":"default","ocean_display_header":"default","ocean_header_style":"","ocean_center_header_left_menu":"","ocean_custom_header_template":"","ocean_custom_logo":0,"ocean_custom_retina_logo":0,"ocean_custom_logo_max_width":0,"ocean_custom_logo_tablet_max_width":0,"ocean_custom_logo_mobile_max_width":0,"ocean_custom_logo_max_height":0,"ocean_custom_logo_tablet_max_height":0,"ocean_custom_logo_mobile_max_height":0,"ocean_header_custom_menu":"","ocean_menu_typo_font_family":"","ocean_menu_typo_font_subset":"","ocean_menu_typo_font_size":0,"ocean_menu_typo_font_size_tablet":0,"ocean_menu_typo_font_size_mobile":0,"ocean_menu_typo_font_size_unit":"px","ocean_menu_typo_font_weight":"","ocean_menu_typo_font_weight_tablet":"","ocean_menu_typo_font_weight_mobile":"","ocean_menu_typo_transform":"","ocean_menu_typo_transform_tablet":"","ocean_menu_typo_transform_mobile":"","ocean_menu_typo_line_height":0,"ocean_menu_typo_line_height_tablet":0,"ocean_menu_typo_line_height_mobile":0,"ocean_menu_typo_line_height_unit":"","ocean_menu_typo_spacing":0,"ocean_menu_typo_spacing_tablet":0,"ocean_menu_typo_spacing_mobile":0,"ocean_menu_typo_spacing_unit":"","ocean_menu_link_color":"","ocean_menu_link_color_hover":"","ocean_menu_link_color_active":"","ocean_menu_link_background":"","ocean_menu_link_hover_background":"","ocean_menu_link_active_background":"","ocean_menu_social_links_bg":"","ocean_menu_social_hover_links_bg":"","ocean_menu_social_links_color":"","ocean_menu_social_hover_links_color":"","ocean_disable_title":"default","ocean_disable_heading":"default","ocean_post_title":"","ocean_post_subheading":"","ocean_post_title_style":"","ocean_post_title_background_color":"","ocean_post_title_background":0,"ocean_post_title_bg_image_position":"","ocean_post_title_bg_image_attachment":"","ocean_post_title_bg_image_repeat":"","ocean_post_title_bg_image_size":"","ocean_post_title_height":0,"ocean_post_title_bg_overlay":0.5,"ocean_post_title_bg_overlay_color":"","ocean_disable_breadcrumbs":"default","ocean_breadcrumbs_color":"","ocean_breadcrumbs_separator_color":"","ocean_breadcrumbs_links_color":"","ocean_breadcrumbs_links_hover_color":"","ocean_display_footer_widgets":"default","ocean_display_footer_bottom":"default","ocean_custom_footer_template":""},"product_brand":[],"product_cat":[1565,1552,1551],"product_tag":[],"class_list":{"0":"post-24144","1":"product","2":"type-product","3":"status-publish","4":"has-post-thumbnail","6":"product_cat-fpv-racing-drone","7":"product_cat-rc-drones","8":"product_cat-toys-hobbies-and-robot","9":"pa_version-analog","10":"pa_version-hd","11":"pa_voltage-6s","13":"entry","14":"has-media","16":"first","17":"instock","18":"purchasable","19":"product-type-variable","20":"has-product-nav","21":"col","22":"span_1_of_3","23":"owp-content-center","24":"owp-thumbs-layout-horizontal","25":"owp-btn-normal","26":"owp-tabs-layout-horizontal","27":"has-no-thumbnails"},"_links":{"self":[{"href":"https:\/\/livedemo.top\/drones\/wp-json\/wp\/v2\/product\/24144","targetHints":{"allow":["GET"]}}],"collection":[{"href":"https:\/\/livedemo.top\/drones\/wp-json\/wp\/v2\/product"}],"about":[{"href":"https:\/\/livedemo.top\/drones\/wp-json\/wp\/v2\/types\/product"}],"replies":[{"embeddable":true,"href":"https:\/\/livedemo.top\/drones\/wp-json\/wp\/v2\/comments?post=24144"}],"wp:featuredmedia":[{"embeddable":true,"href":"https:\/\/livedemo.top\/drones\/wp-json\/wp\/v2\/media\/38617"}],"wp:attachment":[{"href":"https:\/\/livedemo.top\/drones\/wp-json\/wp\/v2\/media?parent=24144"}],"wp:term":[{"taxonomy":"product_brand","embeddable":true,"href":"https:\/\/livedemo.top\/drones\/wp-json\/wp\/v2\/product_brand?post=24144"},{"taxonomy":"product_cat","embeddable":true,"href":"https:\/\/livedemo.top\/drones\/wp-json\/wp\/v2\/product_cat?post=24144"},{"taxonomy":"product_tag","embeddable":true,"href":"https:\/\/livedemo.top\/drones\/wp-json\/wp\/v2\/product_tag?post=24144"}],"curies":[{"name":"wp","href":"https:\/\/api.w.org\/{rel}","templated":true}]}}